4136?
True
Does 583 divide 23696035?
True
Is 500666327 a multiple of 175?
False
Is 1504 a factor of 54653856?
True
Is 271 a factor of 65688494?
False
Is 879 a factor of 1661970129?
True
Does 344 divide 746983162?
False
Is 4 a factor of 7417252?
True
Does 1867 divide 4575584?
False
Is 6 a factor of 14314122?
True
Does 11 divide 32176848?
True
Does 30 divide 89267190?
True
Is 65949429 a multiple of 37?
True
Is 124904458 a multiple of 1889?
True
Is 58663256 a multiple of 8?
True
Does 1216 divide 861731970?
False
Is 220 a factor of 200509506?
False
Is 104 a factor of 553214584?
True
Does 5 divide 39371425?
True
Does 10 divide 9953542?
False
Is 29798896 a multiple of 3?
False
Is 1873 a factor of 36358676?
True
Is 66523565 a multiple of 48?
False
Is 62 a factor of 166554878?
True
Does 97 divide 32246583?
True
Does 29 divide 1235177280?
True
Is 6 a factor of 369401955?
False
Does 56 divide 7823354?
False
Is 30 a factor of 655326764?
False
Is 10 a factor of 588520?
True
Is 68810058 a multiple of 171?
True
Does 6 divide 7234968?
True
Is 37311128 a multiple of 118?
True
Is 2 a factor of 51801?
False
Does 2503 divide 260135838?
False
Is 202537733 a multiple of 18?
False
Is 97 a factor of 125211435?
False
Is 40 a factor of 1397911817?
False
Is 713 a factor of 703226317?
False
Is 922 a factor of 1649771147?
False
Is 949031 a multiple of 199?
True
Is 1769 a factor of 959505024?
False
Does 5459 divide 69121858?
True
Does 278 divide 1113213990?
False
Does 350 divide 977640650?
True
Does 18 divide 58477554?
True
Is 10681150 a multiple of 10?
True
Does 4972 divide 107713408?
True
Does 5 divide 9055708?
False
Is 74 a factor of 5653496771?
False
Is 1881483912 a multiple of 252?
True
Is 756874381 a multiple of 279?
False
Is 841636143 a multiple of 279?
True
Is 228597460 a multiple of 74?
False
Is 1138 a factor of 104322736?
True
Is 76 a factor of 196038656?
True
Is 47910154 a multiple of 25?
False
Does 4432 divide 76762240?
True
Is 464987970 a multiple of 76?
False
Is 3040194561 a multiple of 96?
False
Is 2 a factor of 834783?
False
Is 921 a factor of 58269828?
True
Is 1200 a factor of 127681491?
False
Does 6767 divide 393239286?
False
Does 2 divide 4024354?
True
Does 2866 divide 1469633868?
False
Is 16156550 a multiple of 112?
False
Is 587420820 a multiple of 1470?
True
Is 778 a factor of 23230830?
False
Does 177 divide 647933460?
False
Is 25572104 a multiple of 2141?
True
Is 398 a factor of 68494954?
False
Is 1170 a factor of 369705784?
False
Is 459459366 a multiple of 82?
True
Is 23 a factor of 183817008?
False
Does 1409 divide 2046424555?
True
Does 129 divide 4859481?
False
Is 651 a factor of 211217541?
False
Does 326 divide 782360?
False
Does 148 divide 52396292?
True
Is 874606460 a multiple of 70?
True
Does 67 divide 451003?
False
Is 71 a factor of 193798405?
True
Is 440915360 a multiple of 32?
True
Is 414361176 a multiple of 997?
True
Is 48403301 a multiple of 78?
False
Is 637 a factor of 799213324?
True
Does 73 divide 64056040?
True
Is 10713808 a multiple of 136?
True
Is 14775659 a multiple of 570?
False
Is 55 a factor of 160600550?
True
Is 3969 a factor of 1373230352?
False
Does 11 divide 1363120?
True
Is 18 a factor of 958995868?
False
Does 5 divide 2162863?
False
Does 592 divide 15063440?
True
Is 6543 a factor of 417777093?
True
Is 199 a factor of 484847781?
False
Is 3194 a factor of 19537698?
True
Is 22081678 even?
True
Is 389 a factor of 34496131?
True
Does 4 divide 535200?
True
Is 149305 a multiple of 13?
True
Is 921085414 a multiple of 8?
False
Is 47 a factor of 2552653895?
True
Is 2148 a factor of 44609664?
True
Is 228038466 a multiple of 12?
False
Is 296905872 a multiple of 6?
True
Does 151 divide 347195206?
True
Does 14 divide 5004757702?
True
Does 81 divide 20270088?
True
Does 28 divide 115473658?
False
Does 15 divide 124224365?
False
Is 66211715 a multiple of 97?
True
Does 14 divide 10504302?
False
Is 14 a factor of 2082931374?
False
Is 16 a factor of 24045008?
True
Does 24 divide 20145072?
True
Does 3726 divide 390823866?
True
Does 347 divide 25843172?
True
Is 38 a factor of 64172538?
True
Does 7 divide 65562670?
False
Is 331861882 a multiple of 818?
False
Is 619 a factor of 231936205?
True
Is 9 a factor of 36294622?
False
Is 23652413 a multiple of 6?
False
Is 20 a factor of 123893160?
True
Is 451056298 a multiple of 413?
True
Is 372 a factor of 486091193?
False
Is 2064731940 a multiple of 1530?
True
Does 702 divide 26631531?
False
Is 178 a factor of 1356873?
False
Does 617 divide 76496324?
False
Is 56 a factor of 177766952?
False
Is 441 a factor of 5508090?
True
Is 51 a factor of 96384309?
False
Is 258530766 a multiple of 2146?
True
Is 6 a factor of 481377385?
False
Is 6717527 a multiple of 8?
False
Does 4467 divide 1186929286?
False
Does 35 divide 437297153?
False
Does 15 divide 436212145?
False
Is 4019 a factor of 1915935520?
False
Is 839676487 a multiple of 2678?
False
Is 46 a factor of 3377439197?
False
Is 46 a factor of 110799418?
True
Is 367195525 a multiple of 13?
False
Is 50461762 a multiple of 49?
False
Does 1908 divide 179821368?
True
Does 201 divide 726049632?
False
Is 97 a factor of 39153081?
False
Is 420 a factor of 112763280?
True
Does 1197 divide 943661526?
False
Is 1452 a factor of 39529239?
False
Is 2937465 a multiple of 6?
False
Does 24 divide 279389870?
False
Is 237 a factor of 4782660?
True
Does 2146 divide 776564396?
False
Is 7327 a factor of 1168766405?
True
Does 25 divide 107920750?
True
Is 50593680 a multiple of 270?
True
Is 7597 a factor of 395642101?
False
Does 2 divide 620927846?
True
Is 81900364 a multiple of 7?
True
Is 2549199940 a multiple of 28?
True
Is 1962 a factor of 119118906?
True
Is 364021416 a multiple of 33?
True
Does 4 divide 98351027?
False
Does 42 divide 43934204?
False
Is 831631713 a multiple of 1177?
True
Is 30 a factor of 328124051?
False
Is 10 a factor of 250649090?
True
Is 631599084 a multiple of 134?
True
Is 1742675807 a multiple of 5?
False
Is 9 a factor of 11261961?
True
Does 22 divide 576138?
False
Is 2836016400 a multiple of 8?
True
Is 385334354 a multiple of 11?
False
Is 104971670 a multiple of 111?
False
Is 5844920 a multiple of 376?
True
Does 38 divide 14364714?
False
Is 264254270 a multiple of 10?
True
Is 1013353347 a multiple of 3398?
False
Is 5 a factor of 124660462?
False
Is 224 a factor of 464866752?
True
Is 138 a factor of 83644082?
False
Is 306700032 a multiple of 1552?
True
Is 36 a factor of 2717215128?
True
Is 72 a factor of 350607976?
False
Is 32 a factor of 35635355?
False
Does 1647 divide 26679753?
True
Is 192 a factor of 56222592?
True
Is 56506643 a multiple of 23?
False
Is 449801315 a multiple of 123?
False
Is 160 a factor of 1566542880?
True
Is 2388686076 a multiple of 287?
True
Is 15 a factor of 306243373?
False
Is 14 a factor of 1432495834?
True
Does 484 divide 37940976?
False
Is 58 a factor of 907375021?
False
Is 11 a factor of 816884848?
False
Is 1083298110 a multiple of 15?
True
Is 174480019 a multiple of 311?
True
Is 675846531 a multiple of 238?
False
Is 6553 a factor of 497536525?
True
Is 38 a factor of 107446450?
False
Does 240 divide 228163200?
True
Does 34 divide 139326662?
True
Is 1984640853 a multiple of 949?
True
Is 57 a factor of 2065571529?
True
Is 211 a factor of 76331461?
False
Does 45 divide 23178420?
True
Does 457 divide 3629951?
True
Is 6427 a factor of 176903175?
True
Is 18149894 a multiple of 49?
True
Is 33 a factor of 71768255?
False
Is 84989253 a multiple of 2393?
False
Does 348 divide 29635766?
False
Is 603478987 a multiple of 1335?
False
Does 293 divide 112441626?
False
Is 5778706 a multiple of 308?
False
Is 150933202 a multiple of 7?
True
Is 2 a factor of 91389334?
True
Does 23 divide 24132129?
True
Does 58 divide 76043510?
True
Is 89 a factor of 8604458?
False
Is 6963087 a multiple of 47?
False
Is 318 a factor of 339559446?
True
Does 25 divide 101080789?
False
Is 13395440 a multiple of 80?
True
Does 56 divide 16756096?
True
Does 19 divide 868973384?
False
Does 22 divide 11518039?
False
Is 197770740 a multiple of 789?
True
Is 2103 a factor of 89589903?
True
Does 37 divide 16814847?
False
Does 146 divide 34002211?
False
Does 310 divide 39401620?
True
Does 684 divide 193894848?
True
Does 8777 divide 2245604227?
True
Is 2008 a factor of 18025012